/(-20))*t?
0
Let f = 144 + -51. What is the units digit of f?
3
Suppose -637 = -3*o - 232. What is the hundreds digit of o?
1
Suppose s + 3*s = -3*u + 48, 48 = 5*u - 4*s. What is the tens digit of u?
1
Suppose n + 64 = -5*x, x + 5*n - 44 = 4*x. What is the units digit of (x - -1)/((-6)/4)?
8
Suppose 0*w + 54 = 6*w. What is the units digit of w?
9
Let a be (-20)/15*(-30)/(-4). Let w be (-18)/(-10) - 2/a. What is the units digit of w - (2 + -3 + -1)?
4
Let m(f) = 12*f**2 - 4. What is the hundreds digit of m(3)?
1
Let u = -3 + 6. Suppose 21 = 4*w - o, -5*w - u*o = -w - 17. What is the units digit of w?
5
Suppose -4*r - r + 21 = 3*g, 5*r = -5*g + 15. Let u(a) = 2*a**2 - 8*a - 6. What is the units digit of u(r)?
8
Suppose 1 = 2*a + 4*u - 1, -24 = -3*a + u. What is the units digit of a?
7
Suppose -5*y + 4*j = -8, -5*y + 2*j + 1 + 3 = 0. Suppose -o + 22 = -y*o. What is the tens digit of o?
2
Let c = 9 - 5. Let z = c - 4. Suppose -k - 2*k + 42 = z. What is the tens digit of k?
1
Let z(n) = 7*n**2 + 1. Let d be z(-1). Let c(u) = -u**2 + 10*u - 9. Let a be c(d). Suppose a = y - 3*b, -5 = -2*y - b + 9. What is the units digit of y?
7
Suppose 8 + 2 = 5*d. Suppose -d*y + 20 = -y. What is the units digit of y?
0
Suppose -2*d = 2*d - 60. Suppose -y - 3*y = j - d, -5*j = -5*y. Let u(l) = -l**3 + 3*l**2 + l - 1. What is the units digit of u(y)?
2
Let a(n) = n**3 + 13*n**2 - 19*n + 1. Let x be a(-14). What is the units digit of 14/35*(x - 1)?
8
Let u(o) = o**2 - o + 15. Let t be -1*0/(3 - 2). What is the tens digit of u(t)?
1
Let n = -58 + 75. What is the tens digit of n?
1
Let f = -79 + 188. What is the tens digit of f?
0
Suppose 169 = 2*t + 49. Suppose -w - t = w. Let p = -18 - w. What is the tens digit of p?
1
Suppose -5*o + 116 = a - o, -a + 4*o = -108. What is the tens digit of a?
1
Let w = -1 + 4. Suppose 0*l = -w*l. Suppose l = q - 5 - 1. What is the units digit of q?
6
Let l = 23 + -21. Let w(d) = 13*d**2 - 2*d + 2. What is the tens digit of w(l)?
5
Suppose -25*l + 166 = -7609. What is the tens digit of l?
1
Let n = 38 - -14. What is the units digit of n?
2
Suppose 2*g + 5 - 1 = -3*s, 0 = 5*s + 5*g + 15. Suppose -s*f + 45 = -5*f. What is the tens digit of 4/6*f/(-1)?
1
Let g(j) = -j**2 + 7*j + 9. Let o be g(8). Let y = o + 3. Suppose y*l + 6 = -2*w, 5*w - 3*l - 15 = 2*l. What is the units digit of w?
1
Suppose -2*t - 58 = -2*c, 0 = -c + 2*t - 3*t + 37. What is the units digit of c?
3
Let l be 12/18 + 4/3. Let u(q) = -q**2 + 9*q - 9. Let s be u(6). Suppose -l*t = -t - s. What is the units digit of t?
9
Let y(d) = d**3 - 4*d**2 + 5*d - 4. What is the tens digit of y(4)?
1
Suppose 2*a + 5*m = 85, 0 = 2*a - 4*m - 74 + 16. Suppose k + 3*k + 3*t - a = 0, 2*t - 5 = k. What is the units digit of k?
5
Suppose -1 - 7 = 2*r. What is the units digit of 153/27 + r/6?
5
Let m be 2/(-5)*10/(-1). Let i = m + 1. What is the units digit of i*9/30*8?
2
What is the tens digit of 2/(-1*(-2)/23)?
2
Suppose -2*x - 3*z + 36 = -3, -75 = -3*x + z. What is the tens digit of x?
2
Suppose -2*r - 60 = r. Let m be (35 - -2)/(2*(-1)/(-2)). Let p = r + m. What is the units digit of p?
7
Let l = 39 - -53. What is the tens digit of l?
9
Let f(i) = i**2 + 5*i + 7. What is the units digit of f(-7)?
1
Let p be (-2 - (-3)/2)*-310. Suppose p = d + 4*d. What is the units digit of d?
1
Suppose 3*n - 5*n - 32 = 0. What is the tens digit of (-27)/2*n/12?
1
Suppose -5*s + 14 = -0*u + 2*u, 0 = -5*u + 5*s. Suppose 5*n = -5, -u*j + 38 = -4*n + 2*n. What is the tens digit of j?
1
Suppose 0*h = -3*h. Suppose -4*k = -p + 21, 2*p = -h*p - 2*k + 32. What is the units digit of p?
7
Suppose 0 = 3*v - 0*v - 150. What is the units digit of v?
0
Suppose -1 = 3*c + 2*y, -22 + 2 = 4*y. Suppose k - 5 = -c. Suppose -5*o = -k - 3. What is the units digit of o?
1
Let n(k) be the first derivative of 1/3*k**3 - 9/2*k**2 + 4*k + 1. What is the units digit of n(9)?
4
Suppose -3*b = 22 - 67. Suppose 4*g - b = 21. What is the units digit of g?
9
Suppose 0 = 3*c - 15 - 0. Let o = -3 - -5. Suppose 0 = -6*h + 2*h - o*z + 22, c*z = 3*h - 49. What is the units digit of h?
8
Let y be -3*(-4)/(24/10). Let u be y*(6/(-5))/3. What is the units digit of u/(1 - (-11)/(-10))?
0
Suppose -w + 543 = 3*h + 4*w, 3*h - 543 = 4*w. Let o be 1/2 + h/(-2). What is the tens digit of o/12*4/(-3)?
1
Let s(t) = 3*t**2 + 6*t - 1. What is the tens digit of s(-5)?
4
Let g be 15*((-5)/3)/5. What is the tens digit of g/(-20) - 102/(-8)?
1
Suppose -q + 27 - 8 = 0. Let v = q - 12. What is the units digit of v?
7
Let v(m) = m**3 - 2*m**2 + 1. Let a = 10 - 0. Let y be (15/a)/(2/4). What is the units digit of v(y)?
0
Suppose -4*v = -2*n, -2*n + 10 = 4*v - 3*v. Suppose -r - v*r = -69. What is the units digit of r?
3
Let s(k) = k**2 + 7*k - 1. Let z be s(-9). Suppose -3 = -5*c + z. What is the units digit of c?
4
Suppose 4*w = -5*t + 231, -4*w + 102 = 2*t - 0*w. What is the tens digit of t?
4
Suppose -2*v - 4 = -8. Suppose -4*u + v + 3 = c, -40 = -2*c + 2*u. What is the tens digit of c?
1
Suppose 176 + 328 = 6*s. What is the units digit of s?
4
Suppose 0 = 2*p + 3*b - 0*b - 18, b + 18 = 2*p. What is the units digit of p?
9
Let y be (-5)/20*-4*(7 - 3). Let z(a) = 2*a + a - 6 - a. What is the units digit of z(y)?
2
Let w(n) = -n**2 - n + 4. Let y be w(3). Let k(q) = -2*q. What is the units digit of k(y)?
6
Let g(m) = 11*m**3 - 7*m**2 - m**2 - 2*m**2 - 8*m - 10*m**3 + 15. What is the units digit of g(11)?
8
Let j = 59 - 47. What is the tens digit of j?
1
Suppose 2*r + 6 = 4*c, -3*r - c = -0*c + 16. Let i = r - -6. What is the units digit of i?
1
Let i(b) = b**3 + b - 6. Let s be i(0). What is the units digit of ((-4)/s)/((-4)/(-18))?
3
Suppose -5*p - 2*f + 0*f + 33 = 0, 4*f = -4*p + 24. Suppose 0 = -2*h + 21 - p. What is the units digit of h?
7
Let o = -18 - -39. What is the tens digit of o?
2
Let c = 261 - 180. What is the tens digit of c?
8
What is the tens digit of 9135/75 + 2/10?
2
Suppose -2 = -r - r. What is the units digit of r?
1
Suppose 2 = l - 55. Suppose 4*d - 55 = l. Let w = -20 + d. What is the units digit of w?
8
Let q(w) = -3*w - 2. Let c(z) = -2*z - 3. Let y(g) = 4*c(g) - 3*q(g). Suppose -3*b + 36 = 15. What is the units digit of y(b)?
1
Let l be (-4)/(-14) - 40/(-7). Let c = -6 + l. Suppose -o + 0*o + 3 = c. What is the units digit of o?
3
Suppose -4*i + i - 19 = -2*k, 2*i = -4*k - 2. Let h = 4 + k. What is the units digit of h?
6
Let y be -36*(3 + (-7)/2). Suppose 3*v + 0*v - y = 0. What is the units digit of v?
6
Suppose -4*p + 167 = p - h, -p + 3*h + 39 = 0. What is the tens digit of p?
3
Let f(q) = q - 6. Let u be f(-5). Let b = 18 + u. Let n = 15 - b. What is the units digit of n?
8
Let l(m) = -7*m**3 - m. Let h be l(1). Let y(r) = -r - 2. What is the units digit of y(h)?
6
Let g = 840 + -515. What is the tens digit of g?
2
What is the units digit of 2/3 - (-14)/6?
3
Suppose -254 = -2*s - 0*s - 4*g, s + 5*g = 139. What is the hundreds digit of s?
1
Suppose -n = -0 - 6. Suppose n = -a + 4*a. What is the units digit of a?
2
Let d(p) = -p**2 + 2. Let v be d(0). Suppose 124 = 5*z + 2*a, -v*z + 46 + 3 = a. What is the units digit of z?
6
Suppose -4*m + 16 = -2*c, -m - 1 = -6. Suppose -6*f = -c*f - 88. What is the tens digit of f?
2
Let g = 1 + 7. Suppose -3*o + 9 = -3*v, g = 4*v - 4. What is the units digit of o?
6
Let x = 27 + -17. Suppose -4*y - j = -4 - 2, 5*j + x = 0. What is the units digit of y?
2
Let q(m) = -3*m**2 + 4*m - 8. Let t(w) = 4*w**2 - 5*w + 9. Let l(r) = -3*q(r) - 2*t(r). What is the tens digit of l(5)?
2
Let j(n) = n**3 + 8*n**2 - 13*n - 13. What is the units digit of j(-9)?
3
Let n = 129 - -11. Suppose -5*p - 3*d + n = -0*d, -5*p + 5*d = -180. What is the units digit of p?
1
Suppose 3*b = -0*b + 9. What is the units digit of (-1)/(b/21)*-1?
7
Suppose 5*r + 2*b - 10 = 11, -4*b - 3 = -5*r. Let h be 2/((-18)/r)*-12. Let i = -1 + h. What is the units digit of i?
3
Let v(n) = n**3 + 4*n**2 - 7*n - 5. Let c be v(-5). Suppose l = c*l - 80. What is the tens digit of l?
2
Let y be 3*-2*(-2)/(-4). What is the units digit of (-8 + -1)*2/y?
6
Let o(n) = 22*n - 1. Let f be -1*2/4*-2. Let x be (-1 + 3/f)/2. What is the tens digit of o(x)?
2
What is the tens digit of ((-28)/(-8))/(-7)*-48?
2
Suppose 17 = -5*l - 4*i - 171, 0 = -3*l - 4*